) = -20*h + 2. Let v be u(x). Let p = v - -65. What is the tens digit of p?
2
Let r(s) be the first derivative of -11*s**3/6 - 15*s**2/2 + s - 7. Let j(w) be the first derivative of r(w). What is the tens digit of j(-6)?
5
Suppose 3*s = 2*t + 1281, -s - 54*t = -55*t - 427. What is the hundreds digit of s?
4
Let n(l) = 8*l**2 + 3*l - 4. Let a(c) = -24*c**2 - 8*c + 11. Let o(v) = -3*a(v) - 8*n(v). Let f be o(3). Let m = -15 + f. What is the tens digit of m?
5
Suppose r - 2*d - 110 = 0, -80*r + 345 = -77*r - 3*d. What is the tens digit of r?
2
What is the hundreds digit of (7002/126)/((-2)/(-14))?
3
Suppose -3*p + 0 = 4*o - 4, -p = -3*o + 3. Suppose 5*z = h - 202, p = -h - h + 5*z + 429. What is the units digit of h?
7
Let w(s) = 2*s + 4. Let h be w(-1). Suppose 0 = -2*r - 3*l + 281, -h*l = -4*r - 4*l + 566. What is the units digit of r?
2
Let p(d) = -d + 2. Let q = 0 - 6. Let i be p(q). Let h = 23 - i. What is the tens digit of h?
1
Suppose -5*r + j + 12 = -16, 20 = 4*r - 2*j. What is the tens digit of (-55)/(-1) + r + -8?
5
Let t(b) = b**2 + 2*b - 6. Let d be t(-4). Let q = 3 - d. Let l = 35 + q. What is the tens digit of l?
3
Suppose 0 = -5*f + 1661 + 1979. What is the units digit of f?
8
Let k(t) = t**2 + t + 3. Let b be k(0). Suppose 0*v = -v + x, 2 = -2*v + b*x. Suppose 0*z = -v*z + 42. What is the units digit of z?
1
Suppose 5*d - p - 937 = 354, 0 = 5*d - 4*p - 1294. What is the hundreds digit of d?
2
Suppose 6*k = 448 - 64. What is the units digit of 2/(((-12)/k)/(-3))?
2
Let p(l) = -16*l + 33. Let k be 29/(-5) + (70/25 - 3). What is the tens digit of p(k)?
2
Let h(z) = 2*z**3 + z + 7. Let c be h(-3). Let x = c + 95. Suppose -2*l + l - 2*v + x = 0, 4*v = 5*l - 267. What is the units digit of l?
1
What is the thousands digit of 2145/130*1506/9?
2
Suppose 5*u = 501 - 66. Suppose 2*t - u = 13. Suppose -t = -j - 4*j. What is the units digit of j?
0
Let m be (-3)/(-6) + (-12)/(-8) + 0. Suppose -m*s = s - 189. What is the tens digit of s?
6
Let k = -5 - 1. Let y be 7/4 + k/(-24). Suppose -27 = -3*i - 3*x, 24 = y*i + 2*i + x. What is the units digit of i?
5
Let m(d) = -d**2 + 14*d + 10. Suppose 0*c + 5*z + 17 = c, 51 = 3*c - 4*z. Suppose c*x - 36 = 13*x. What is the units digit of m(x)?
5
What is the hundreds digit of (-21)/12*22/77*-3438?
7
Let c(y) = y**3 + 3*y + 2. Let f be c(3). Suppose -3*j + 19 = -f. What is the units digit of j?
9
Let u(a) = 3*a. Let d(s) = -1. Suppose r - 2 = -r. Let g(y) = r*u(y) + 2*d(y). What is the units digit of g(3)?
7
Let z(n) = 2*n + 2. Let d be z(4). Let o = 11 - d. Suppose 0 = 5*i - 24 - o. What is the units digit of i?
5
Suppose -3*g - 3*j = 2*j + 117, 4*j - 12 = 0. What is the hundreds digit of (-6)/(-8) - 7843/g?
1
Suppose -3*o - 52 - 84 = -4*g, -3*g - 2*o = -102. Let a = 67 - g. Suppose k + a = 2*f - 36, 2*f = 3*k + 75. What is the tens digit of f?
3
Let f(y) be the second derivative of -y**6/20 - y**5/30 + y**4/12 - 5*y**2/2 - y. Let d(m) be the first derivative of f(m). What is the tens digit of d(-2)?
3
Let j(y) = -y**3 - 7*y**2 - 9*y + 5. Let t be j(-5). Let d(b) = b**2 - b - 6. Let h be d(-6). Let a = t + h. What is the tens digit of a?
3
Suppose -2*s = -3*r - 2029, -s - 295 + 1310 = -r. What is the hundreds digit of s?
0
Suppose 0 = -3*f - f + 16. Suppose -2*u + 2*z - 24 - 170 = 0, 2*u = f*z - 196. What is the units digit of (-20)/3*u/10?
4
Let n = 602 - 202. What is the units digit of n?
0
Let z(k) = k + 35. Let n be z(0). Suppose -5*l - 4*a = -n, 17 = l + 3*l + a. What is the units digit of (l + (1 - 2))*11?
2
Suppose -3*o + y + 401 = 0, 4*o - 282 = 2*o - 3*y. What is the hundreds digit of o?
1
Let b = 1035 - 617. What is the hundreds digit of b?
4
Let u be 12/20*5 + 71. Suppose 4*y - u = 2*y. What is the tens digit of y?
3
Let b = 34 - 36. Let o(r) = -12*r - 10. What is the tens digit of o(b)?
1
Suppose -5*m - 2129 = 3*h - 5*h, -5*m + 4213 = 4*h. What is the tens digit of h?
5
Let n(w) = w**3 + 8*w**2 - 8*w + 14. Let k be n(-9). Suppose -2*x + 179 = k*u, -5*u + 190 = 5*x - 235. What is the tens digit of x?
8
Let x = 8824 + -6215. What is the units digit of x?
9
Let y be 10/(-3)*15/(-10)*1. Suppose 2*o - o = -2*m + 56, 0 = 2*o - y*m - 76. What is the units digit of o?
8
Suppose -17*r = -12*r - 395. Let f = 146 + r. What is the tens digit of f?
2
Let p be (-14)/3*12 + 2. Suppose 2*m + 112 = -70. Let g = p - m. What is the units digit of g?
7
Let c = 7 + 13. Suppose 16*x - c*x + 192 = 0. What is the units digit of x?
8
Let k(o) = -2 + 3 + 0 + 11*o. Let p be k(1). Suppose 0*g - p = -g. What is the units digit of g?
2
Let q(a) = a**2 - 5*a - 1. Let b be q(5). Suppose 52 = -5*u - 2*s - 39, 5*s = 2*u + 19. Let f = b - u. What is the units digit of f?
6
Suppose 0 = -c + 4*x + 19, 0*x = -5*c - 2*x + 7. Suppose -3*j + 180 = c*j. What is the tens digit of j?
3
Let u(m) = -1201*m + 84. What is the thousands digit of u(-2)?
2
Let v(g) be the third derivative of -13*g**2 - 2/3*g**3 + 0 - 1/4*g**4 + 0*g. What is the units digit of v(-4)?
0
Let p = 13 - 9. Let s(y) = 2*y**3 + 2*y**2 - y - 4. Let g be s(p). Suppose 0 = d + 3*d - g. What is the units digit of d?
8
Let j(l) = 830*l**2 - 22*l - 47. What is the tens digit of j(-2)?
1
Let c(g) = -7*g + 42*g**2 - 91*g**2 - 5*g + 13 + 50*g**2. What is the units digit of c(12)?
3
Let r = -3 - 3. Let z(w) = -w**2 - 6*w + 5. Let n be z(r). Suppose -128 = -n*b - 2*o, 4*o - 29 - 59 = -3*b. What is the units digit of b?
4
Let q(a) be the first derivative of -a**2 - 37*a + 9. Let f(s) = s + 37. Let v(z) = 4*f(z) + 3*q(z). What is the units digit of v(0)?
7
Suppose -4*o - 6*q + 4*q - 74 = 0, -o - 21 = 3*q. Let i(z) = z**2 + 11*z - 30. What is the units digit of i(o)?
6
Let b = 706 + 130. What is the units digit of b?
6
Suppose 0 = -36*p + 17575 + 2729. What is the hundreds digit of p?
5
Suppose 0 = -4*o - 31 + 91. What is the tens digit of (-574)/(-8) - -2 - o/20?
7
Suppose 0 = 13*q - q - 13884. What is the tens digit of q?
5
Let d(j) = 13*j**2 + 15*j + 93. What is the thousands digit of d(-13)?
2
Let a = -9 - -15. Let d = -1 - a. Let k = d - -8. What is the units digit of k?
1
Suppose -3*m - 4*v + 38 = -57, -21 = -m + 4*v. Suppose 8*i - 9*i = -m. What is the tens digit of i?
2
Suppose 5*i - 14 - 21 = 0. Let o(r) = r**3 - 5*r**2 - 9*r + 3. Let u be o(i). Suppose 0*w + u = w + 4*h, 49 = 2*w - h. What is the tens digit of w?
2
Let z(i) = i**2 + i - 4. Suppose s = 2*q - 20, -2*q + 12 = -0*q - 3*s. Suppose -2*f = -4*m - q, -2*m - 6*f = -2*f + 26. What is the units digit of z(m)?
6
Suppose 8*b - 1603 = b. What is the hundreds digit of b?
2
Let u(p) = 50*p**2 - p. Let z be u(-1). Let q be (-3)/36*-9 - (-730)/8. Let h = q - z. What is the units digit of h?
1
Let p(h) = -635*h**3 + 2*h**2 + h - 1. What is the tens digit of p(-1)?
3
Let l be ((-5)/(-5))/(1/79). Let s = l + -52. What is the units digit of s?
7
Let i be (2/6*0)/2. Let l be i + (-8)/(8/(-4)). Suppose -l*x = 2*j - 100, x - 4*j - 43 = -9*j. What is the tens digit of x?
2
Suppose -2*y + 5436 = y + 3*b, 12 = 4*b. What is the tens digit of y?
0
Let u(w) = w - 2*w - 16*w**2 + 0*w. Let r be u(-1). What is the units digit of -2*(r/2 + -2)?
9
Let a = 19 + -14. Suppose a*o - 108 = -3. What is the tens digit of o?
2
Let b(f) = -f**3 + 54*f**2 - 78*f + 98. What is the thousands digit of b(52)?
1
Let j(n) = 2*n**2 + 10*n + 3. Let t be j(-7). What is the units digit of (t*-1)/(10 + -11)?
1
Let j be 0/(2/(6 - 4)). Let d be ((-12)/(-5))/((-6)/(-40)). Suppose j*c + d = 2*c. What is the units digit of c?
8
Let a(u) = 1384*u**3 - u**2 + 6*u - 5. What is the units digit of a(1)?
4
Let s(j) = j - 3. Let m be s(10). Let w(r) = -6 - 18*r**2 - 8*r + 7*r**2 + m*r**2 + 3*r**2. What is the tens digit of w(-4)?
1
Let k(a) = a**3 - a**2 + a - 1. Let d be k(1). Suppose -7*y + 11*y - 8 = d. Suppose 5*i - y*i = 6. What is the units digit of i?
2
Suppose 0*c - 32 = -4*c. Suppose -4*t + 2*k + 74 = 0, 3*t - k - 66 = 4*k. Let s = c + t. What is the tens digit of s?
2
Let r be (-4)/(-8) - 565/2. What is the hundreds digit of r/(-2 - 2 - -2)?
1
Let f(p) = 13*p**2 + 3*p - 17. What is the units digit of f(3)?
9
What is the tens digit of 2/10 + (0 - (-12267)/15)?
1
Let l = -69 - -71. Suppose -4*r + 3*p = -454, l*r - 88 - 136 = 3*p. What is the hundreds digit o